-5). Let n(i) = 23 - 3 + 14*i - 5*i**2 + 4*i**2. Let g be n(z). What is the highest common divisor of g and 15?
5
Let g be ((-992)/5)/((-72)/360). Calculate the highest common factor of 62 and g.
62
Let u be 3 + -1 + (-3)/(-1). Let y be (-3)/u - (-18)/5. Suppose 0*t = -m - t + 16, 4*m - 29 = y*t. Calculate the highest common divisor of m and 77.
11
Let h = 45 - 13. Suppose 1024 = 536*n - 520*n. What is the greatest common divisor of n and h?
32
Let o(c) be the second derivative of 5*c**4/12 - c**3 - 3*c**2/2 + 17*c. Let z be o(3). Calculate the greatest common divisor of z and 48.
24
Let s = 146 - 80. Calculate the highest common divisor of 55 and s.
11
Let k = 416 + -388. Calculate the greatest common divisor of k and 476.
28
Let k be -10*(-1 - -11)*(-70)/140. Suppose 2*t - 24 - 32 = -2*m, 4*m = 5*t - 113. Let i = t + -15. Calculate the greatest common factor of k and i.
10
Let t = 1 + 7. Let w = -278 + 298. Calculate the greatest common factor of w and t.
4
Let t = 224 - 77. Suppose 8*r - 1627 = -t. What is the highest common factor of 37 and r?
37
Suppose 2*z + 72 = 2*p, -57 = -2*p + 8*z - 11*z. Calculate the highest common divisor of 440 and p.
11
Let s = 89 - 84. Suppose 2*p - 227 = -2*p + z, -s*z + 5 = 0. Calculate the greatest common factor of 38 and p.
19
Suppose 0 = 4*d + 5*l - 499, 8*d = 5*d - 2*l + 376. What is the highest common divisor of d and 210?
42
Let r = -78 - -109. Suppose -32*k + 7 = -r*k. Let p(x) = -x**3 - 3*x**2 + 7*x - 3. Let g be p(-6). Calculate the greatest common divisor of k and g.
7
Suppose -3*z + 3*j = 9 - 0, 3*z + 12 = 4*j. Suppose -v - 3*y + 31 = z, 2*v - 2*y = 6*v - 74. Calculate the greatest common divisor of 8 and v.
8
Let a = -268 - -691. Let y = a - 288. Let q(s) = 2*s + 3. Let g be q(6). What is the highest common divisor of y and g?
15
Let h(z) = -z**2 + 31*z + 55. Let f be h(31). Let n(c) = -c**2 + 10*c - 4. Let i be n(9). What is the highest common divisor of f and i?
5
Suppose -2*p = 4*l - 216, -4*l + 5*l - 54 = 4*p. Let a = 244 - l. What is the highest common divisor of a and 10?
10
Let v(t) = -53*t + 62. Let r be v(-26). Calculate the greatest common divisor of r and 45.
45
Let y(l) = 20*l - 11. Let n be (-2 + 48/15)/((-15)/(-50)). Let k be y(n). Calculate the highest common divisor of 46 and k.
23
Suppose 5*a - 1300 = 2*o, -a + 260 = 12*o - 10*o. What is the greatest common divisor of a and 156?
52
Let y(b) = -66*b - 374. Let z be y(-6). What is the greatest common divisor of z and 2816?
22
Let c = -1 + 6. Suppose 2*s - 26 = 4*n - 2, 4*n = c*s - 84. What is the highest common divisor of s and 50?
10
Let n be (-6)/4*1036/(-42) - 0. What is the greatest common factor of 148 and n?
37
Let v be -3 + (-4 + 2)*15/10. Let o be 2*12 - (0/v)/(-1). Suppose -4*i + 3*l = -9, 0*i - 5*i + 5*l = -5. What is the greatest common factor of i and o?
6
Let v(y) = -14*y - 7. Let m be v(-2). Suppose 34 = 5*g - m. Calculate the greatest common factor of 1 and g.
1
Let m(i) = 12*i + 200. Let d be m(-16). What is the greatest common factor of 392 and d?
8
Let t(u) = -u + 22. Let y be t(6). Let z be (-2)/y + (-3894)/(-48). What is the highest common factor of z and 54?
27
Let d = 179 - 165. Calculate the greatest common factor of 224 and d.
14
Let o be 8 - (4*-96 - 7). What is the highest common factor of o and 21?
21
Let a be (-10)/(-4) - (-24)/(-48). Calculate the highest common divisor of a and 128.
2
Suppose -2 = 3*v - 536. Suppose 2*b - 2*x = 80 + 104, -2*b + v = x. Suppose 0 = -2*g - 3*g + b. What is the greatest common divisor of 9 and g?
9
Let a(g) = -3*g**2 - 6*g + 2. Let l be a(-5). Let h = l + 63. What is the greatest common divisor of h and 30?
10
Let a be (-5)/(-25) + (-132)/10. Let f be 2/a + 952/104. Let l = f + 18. Calculate the greatest common factor of 9 and l.
9
Suppose 172*o - 157*o = 15. Suppose -2*s = -6*s + 4. What is the highest common factor of s and o?
1
Suppose 4*n - b = 453, 0 = -5*n + 5*b + 294 + 291. Calculate the greatest common factor of 56 and n.
56
Let b be (1 + -1 - -326) + -3. Calculate the greatest common factor of b and 19.
19
Let a be ((-1)/5 - 114/190)*-60. What is the highest common divisor of a and 132?
12
Let i(u) = -u + 14. Let c be i(12). Suppose 5 = 3*w - 2*w + 2*l, l = c*w - 5. Calculate the greatest common factor of 18 and w.
3
Let r be 4/(-14) + (148/28 - -4). Suppose 20*i - r*i = 99. Let h be 715/20 + (-2)/(-8). What is the highest common divisor of i and h?
9
Let t(v) = -v**3 - 4*v**2 - v - 2. Let s be t(-4). Suppose -4*x - s*p = 2*p + 8, 3*p + 10 = -x. Calculate the greatest common divisor of x and 16.
2
Let a = -147 - -148. Suppose 4*x - 15 + 7 = 0. Calculate the greatest common divisor of a and x.
1
Suppose -8 + 0 = -2*g. Suppose 0 = -0*a + g*a - 64. Calculate the greatest common divisor of 2 and a.
2
Suppose -38*k + 276 = 54*k. What is the highest common divisor of k and 6?
3
Let h be 5 + (-2)/4*1306*-2. Calculate the highest common factor of h and 114.
57
Let s(r) = 2*r**2 - 2*r. Let x be s(2). Suppose b = -5, -5*g + 90 + 105 = -x*b. Calculate the greatest common divisor of g and 175.
35
Suppose 0 = -2*a + 4 - 18. Let x(q) = -q**2 + 2*q - 4. Let v be x(6). Let w be (-163)/a - (-8)/v. Calculate the greatest common divisor of 23 and w.
23
Suppose -c = 2*c, -3*g - 3*c + 15 = 0. Suppose g*q + 29 = 3*b, -3*b - b = 3*q. Let n be (-8)/q - (-32)/4. What is the highest common divisor of n and 90?
10
Let c(j) = j**2 - 5*j + 7. Let n(g) = g - 1. Let y(u) = c(u) + 5*n(u). Let p be y(-6). Calculate the greatest common divisor of p and 19.
19
Suppose -7*d = -1089 + 123. Suppose -7*f - 205 = -4*c - 4*f, -d = -3*c - 3*f. Calculate the greatest common divisor of 7 and c.
7
Let o(u) = -u**2 - 29*u - 134. Let d be o(-23). Suppose -p - 2*p + 150 = 0. Let g = p + -34. Calculate the highest common factor of g and d.
4
Let h = -462 - -747. Calculate the highest common factor of h and 15.
15
Suppose -4*m = x - 80, 2*x = 4*m - 3*x - 80. What is the greatest common divisor of m and 2620?
20
Let q = 138 - 135. Calculate the greatest common factor of q and 27.
3
Let k = 2 - 0. Suppose 86 = k*t - 0*c - c, 2*c - 53 = -t. Suppose -x = 3*n - 4*x - 33, 0 = -4*n + 5*x + 46. What is the greatest common factor of n and t?
9
Suppose -2 = j - 2*j. Suppose 2*a - 2*z + 29 = -z, 2*a - j*z + 34 = 0. Let r be (a/9)/((-6)/99). What is the greatest common factor of r and 176?
22
Let q = -12 + 24. Suppose 2*l + 3*y - 21 = 0, -3*l + 0*y + 2*y = 1. Calculate the greatest common divisor of l and q.
3
Suppose y - 99 = -2*x + 18, 3*y - 375 = 2*x. What is the greatest common factor of y and 205?
41
Let l(i) = i. Let o(m) = 4*m**2 + 4*m. Let y(s) = -3*l(s) + o(s). Let p be y(-1). What is the highest common factor of p and 3?
3
Let r(y) = -19*y + 185. Let c be r(-15). Calculate the greatest common factor of c and 141.
47
Suppose 0 = o + 4*o - 675. Let n be (-1)/(-4) - o/(-4). What is the greatest common divisor of 51 and n?
17
Let o be ((-400)/(-3))/4 - 4/12. Let c(p) = -p - 16. Let m be c(-15). Let z be (m + 23)/(10/90). What is the highest common divisor of z and o?
33
Let o(j) = -4*j + 7. Let c(g) = 1. Let x(f) = 24*c(f) - 3*o(f). Let k be x(3). Let r be (-65)/k*-1*3. Calculate the highest common factor of 10 and r.
5
Let o be (28/4 - 1) + -4. Let f be 15/(3 + o) + 1. What is the greatest common divisor of 10 and f?
2
Suppose 0 = v - 6*v + 35. Let o = v + -3. Let w be -7*16/(-56)*2. Calculate the greatest common divisor of o and w.
4
Suppose -n = u - 0 - 7, -2*n + 29 = 5*u. Let d = -62 + 87. Calculate the greatest common factor of u and d.
5
Let i be (-14)/(-28)*(0 - 0). Suppose 4*x - 3*x - 16 = i. Suppose 2*c - 2*h = -6*h + 8, -4*c - 3*h = -26. What is the greatest common divisor of c and x?
8
Suppose -4*g - 3*g + 35 = 0. Suppose r - s - 16 = 0, -g*r = -6*r - 5*s + 10. Let t(u) = u + 45. Let x be t(0). What is the highest common divisor of x and r?
15
Let k = 3289 - 3248. What is the highest common factor of k and 41?
41
Let r(b) = -b**3 + 9*b**2 - 10*b + 1. Let h be r(6). What is the greatest common factor of h and 343?
49
Let i = -2 - -5. Suppose f - 4 = 0, 5*f = k - 4*k + 56. Calculate the greatest common divisor of k and i.
3
Suppose -406 = -2*s + 868. Suppose -s = -2*o - 141. Calculate the highest common di